j(p). Let v be ((-3)/2)/(3/(-4)). Determine x(v).
-12
Suppose -4*x + 31 = 27. Let l(i) = -3*i + 1 - 2 + 12*i. What is l(x)?
8
Let p(h) = -h**2 - 11*h - 8. Let s be p(-10). Let l(t) = -t**3 + t**s + 0*t**2 - t**3. What is l(-1)?
3
Let a = -3 + 6. Let z be (-46)/(-10) + 6/15. Let w = z - a. Let u(p) = p**3 - 2*p**2 + p - 1. Calculate u(w).
1
Let v(h) be the first derivative of -h**2 + 2*h + 2. Suppose -3*z - 2*d + 45 = 0, 4*d = 4*z + 3*d - 60. Let q = z + -13. Calculate v(q).
-2
Let o(w) = 2*w + 7. Suppose 160 = 7*r - 2*r. Suppose 3*m + 7 = -2*l, 2*m = -2*m + 3*l - r. Calculate o(m).
-3
Suppose -21 = -5*v - 1. Suppose -2*k = -14 + v. Suppose -4*q + 5*x - x = -8, -k*q - 4*x - 26 = 0. Let o(g) = g**3 + 2*g**2 + 2*g - 2. What is o(q)?
-6
Let p(v) be the third derivative of 0 + 1/24*v**4 - 3*v**2 + 0*v - 1/3*v**3. Calculate p(0).
-2
Let k(q) = q**2 + 6*q + 7. Suppose -3*u - 2 = -4*u. Suppose u*g + 14 = 4. What is k(g)?
2
Let k(i) = i**3 - 6*i**2 - 5. Suppose 3*d = 6, -3*h + d = 2*d - 20. Give k(h).
-5
Let y(b) = b**2 - 7*b + 2. Let j be 74/14 + (-16)/56. Determine y(j).
-8
Let p be (-4)/6*60/(-8). Suppose -p*c + 4 = 24. Let g(j) = -j**3 - 4*j**2 + j + 5. Determine g(c).
1
Let g(w) be the third derivative of w**5/60 - w**4/12 + w**3/2 + 6*w**2. Let x(f) = -5*f**2 + 7*f - 12. Let r(p) = -9*g(p) - 2*x(p). What is r(-6)?
9
Let a(s) = -7*s + 4. Let r(g) = g. Let d(q) = -a(q) - 6*r(q). Let p = -7 - 3. Let o be (2/(-4))/(1/p). What is d(o)?
1
Let c(u) be the first derivative of -u**2 - 4*u + 2. Let a be 2/8 - 11/(-4). Suppose 0 = q + a*q + 20. What is c(q)?
6
Let q be 1/3 + 5/3. Suppose -8 + 0 = -q*t. Let h(y) be the second derivative of y**3/3 - y**2/2 + 3*y. What is h(t)?
7
Let g(k) = -k**3 + 2*k**2 + 5*k - 4. Let z be g(3). Suppose 2*n + 0*x = x + 15, -2*x = z*n. Let t(d) = -d + 1. Let h(u) = -5. Let s(m) = h(m) + t(m). Give s(n).
-9
Let q(k) be the third derivative of k**4/24 - 13*k**3/6 - 8*k**2 - k. Calculate q(0).
-13
Let o = -3 + 4. Let r(c) = 0*c + c - o + 7. Let g be (-3)/(-2) - -39*(-3)/18. What is r(g)?
1
Let k(l) = l**2 - 2*l - 6. Suppose h + 20 = 5*z, 3*z + 7 = 22. Determine k(h).
9
Let l(m) = -m - 1. Let w(d) = -d + 4. Let z be w(5). Let a be l(z). Let s(h) be the third derivative of h**6/120 - h**5/60 + h**3 - 2*h**2. Give s(a).
6
Suppose u - 2*u = -5. Let r be (-2)/((-4)/(-2)) + u. Let s(n) = -n**3 + 5*n**2 - 3*n - 4. Determine s(r).
0
Let s(a) = a**3 + 3*a**2 - 7*a + 2. Let v = -39 - -34. Give s(v).
-13
Let g(b) = -b**3 + 5*b**2 + 6*b - 4. Suppose 20 = -4*y, y = 5*m - 3*y - 35. Suppose -m = -k, 4 = -5*p + k + 31. Determine g(p).
-4
Let s(x) = 7*x**2 + x - 12. Let p(f) = f**2 - f - 1. Let u(r) = -6*p(r) + s(r). Calculate u(-6).
-12
Let y = -8 - -13. Let h(q) = 17*q - 4 + 28 - q. Let f(w) = -3*w - 5. Let n(r) = -11*f(r) - 2*h(r). Calculate n(y).
12
Suppose 0*i = 4*i - 24. Let d(w) = 7 - i*w**2 + 4*w + 5*w**2 - 6 + 3*w**2. What is d(-3)?
7
Let m(t) = t**3 + 5*t**2 + 2*t + 4. Suppose 3*h + 0*z = -4*z + 1, -6 = 2*h + z. What is m(h)?
-6
Let c = -142 + 141. Let n(l) = -l**3 + l**2 - 1. Give n(c).
1
Suppose 0*q = -q + 9. Suppose 4*v + 25 - q = 0. Let a(p) = p**3 + 6*p**2 - 4*p + p**2 - 4*p**2. Give a(v).
0
Let c = -9 + 15. Let n(o) = -7*o - 6. Let y(a) = -a - 1. Let d(t) = c*y(t) - n(t). Let w be d(3). Let m(u) = u**2 - 5*u + 3. Give m(w).
-3
Let z be 5 + -8 - (-6)/(-3). Let m(h) = h**2 + 6*h - 2. Determine m(z).
-7
Let k = -4 - -3. Let w(t) = -4*t - 1. Let r(p) = 7*p + 2. Let u(n) = 3*r(n) + 5*w(n). Determine u(k).
0
Let u(n) = 5*n - 2. Suppose -t + 0*t - 8 = -5*a, -5*t + 12 = a. Let y = 0 + t. Calculate u(y).
8
Let t = 14 - 8. Let z(x) = 0 - x**3 - x - 37*x**2 + 44*x**2 - 5*x - 4. Give z(t).
-4
Let q(n) = -2*n**2 + 5*n**2 + 7*n**2. Let l(v) be the first derivative of -v**2/2 + v + 2. Let b be l(0). Determine q(b).
10
Let c(h) = 5*h**3 - h**2 - h - 1. Suppose 0 = 4*j + i - 4*i - 12, -4*j + 12 = -i. Suppose -5*q - m + 1 - 11 = 0, -8 = j*q + m. What is c(q)?
-6
Let f(d) = -4*d**2 - 7*d - 4. Let n(w) = -3*w**2 - 7*w - 3. Let s(p) = -2*f(p) + 3*n(p). Let r be s(-6). Let g(m) = r - 4 - 2 - 2*m + 7*m**2. Calculate g(-1).
8
Suppose -14*v + 6 = -11*v. Let r be 48/21 - 2/7. Let y(q) = -4*q - 3*q**2 - 2*q**2 + 5*q**v - r*q**2. Give y(-3).
-6
Let a be (2 - 4) + (-3)/3. Let r(j) = 3*j. Determine r(a).
-9
Let r(o) = -o + 1. Let m(k) = -1. Let y(j) = -2*m(j) + 2*r(j). Let v be 0/(3 - 7) - 0. Suppose v = 3*s - 3*f + 6, -4*s + 2*f + 32 = 6*f. What is y(s)?
-2
Let o = -8 + 12. Let y(d) = -13*d**2 + 13*d + 4. Let g(r) = 7*r**2 - 7*r - 2. Let i(k) = -11*g(k) - 6*y(k). Determine i(o).
10
Let w(z) = 2 + z**3 + 4 + 11*z - 7*z + 5*z**2. Calculate w(-4).
6
Let l(q) = -q**2 + 3*q + 6. Let m be -6 + -3 + 3 + 3. Let v be ((-20)/8)/(m/6). Determine l(v).
-4
Let v = 6 - 3. Let t(n) be the first derivative of n**4/4 - n**3 - 2*n**2 + 4*n - 1. Give t(v).
-8
Let v(q) = -q. Let w be 5*(2 - (-42)/(-15)). Let g(n) = -3*n - 1. Let s be g(w). Let i = -8 + s. Give v(i).
-3
Let k(g) be the second derivative of -g**3/6 + 2*g. Let m be (-4)/(-12) + 13/(-3). Determine k(m).
4
Let x(m) = 3*m + 15 - 4*m - 11. Suppose -2*q + 16 = -6*q. What is x(q)?
8
Let f(n) = n**3 - n**2 + 1. Let u(r) = r**3 - 4*r**2 + r - 2. Let b(k) = 2*f(k) - u(k). Determine b(-4).
-24
Let u(t) = -6*t**3 + t**2 - 2*t + 1. Let r = 3 + -1. Suppose 0 = r*o - 4*w + 16, 0 = 3*o - 3*w + 6*w - 21. Let m = -1 + o. Give u(m).
-6
Let k(c) = 78*c**3 - 77*c**3 + 2*c**2 + c + c**2. What is k(-3)?
-3
Let o(v) = -16*v + 18*v + 1 + 11. Calculate o(-5).
2
Let k(d) = d**3 - 6*d**2 - 11*d + 10. Suppose -11 = -m + 4*o - 4, 2*o = -m + 7. What is k(m)?
-18
Let w(y) = -y**3 + 7*y**2 - 10*y + 5. Suppose 5 = -z + 2*z. Let d be w(z). Let g(c) = -c**2 + 5*c - 1. What is g(d)?
-1
Let u(r) = r**2 + 5*r - 1. Let y be u(-5). Let w = -10 - -9. Let n(f) = 24*f**3. Let i(t) = t**3. Let v(o) = w*n(o) + 16*i(o). What is v(y)?
8
Let i(q) be the second derivative of -q**4/12 - q**3 + 2*q**2 + 34*q. Give i(-6).
4
Let t(c) be the third derivative of -c**9/10080 - c**7/2520 + c**6/720 - c**5/30 + c**2. Let u(s) be the third derivative of t(s). What is u(1)?
-7
Let l(j) = -1 - 5*j**2 + 4*j**3 - j**3 - j + 4*j**2. Suppose 0 = 5*m - 2*m - 18. Suppose -m = 5*i - 1. Determine l(i).
-4
Let h(v) = 17*v - 1. Let m(o) = 16*o - 1. Let t(n) = -5*h(n) + 6*m(n). Suppose 0 = r - 1 - 0. Calculate t(r).
10
Let m(b) = -b**3 - 7*b**2 - 7*b - 7. Let o be m(-6). Let y be 25/10*(-1 + o). Let c(s) = s**3 + 5*s**2 + 1. Calculate c(y).
1
Let p be (-3)/1*(-21)/63. Let a(v) = -8*v**3 - 4*v + 1. Let r be ((-14)/8 - -1)*-4. Let c(x) = x. Let z(d) = r*c(d) + a(d). What is z(p)?
-8
Let p(d) = 3*d - d + 1 - d. Let l(h) = 2*h + 4. Let c be l(-3). Let x be ((-28)/(-8) + -1)*c. Determine p(x).
-4
Let i(m) be the second derivative of -m**5/20 + m**4/4 + m**3 - 3*m**2/2 + 2*m. Determine i(4).
5
Let u = 5 - 3. Suppose -d - 23 = -4*d + 4*w, 3*w = -2*d + 4. Let i(b) = -3 + d - 5*b - 2*b + b**3 + 4*b. Give i(u).
4
Let w(z) be the third derivative of -2*z**2 + 0*z + 1/6*z**3 - 11/24*z**4 + 0. Calculate w(-1).
12
Let u(t) = 8*t**2 - 9*t - 2. Let q(v) = -12*v**2 + 14*v + 3. Let x(w) = 5*q(w) + 8*u(w). Give x(-1).
5
Suppose -t + 0*t + 5 = 0. Let f(i) be the second derivative of i**3/6 + i**2/2 + 2*i. What is f(t)?
6
Let n = -13 + 18. Suppose 0 = k - 2*r - 9, -10 = -n*k + 2*r + r. Let b(m) be the third derivative of m**5/60 + m**4/24 + 3*m**2. Give b(k).
0
Let n(r) be the third derivative of -r**4/6 + r**3/2 + 9*r**2. Calculate n(4).
-13
Let h(u) be the first derivative of 5*u**2/2 + 3*u - 20. What is h(-2)?
-7
Suppose -2*g - 30 = -7*g. Let b = -4 + g. Let x(s) = -s**3 + 4*s**2. Let o(w) = 2*w**3 - 8*w**2 + w. Let n(m) = 3*o(m) + 5*x(m). Calculate n(b).
-2
Let a(k) = k - 2. Suppose 7*y - 23 = 5. Give a(y).
2
Let u(z) = -15*z**3 - 9*z**2 + 19*z - 15. Suppose -2*g + 0*g - 12 = 0. Let k(l) = -7*l**3 - 4*l**2 + 9*l - 7. Let d(h) = g*u(h) + 13*k(h). Calculate d(3).
-1
Suppose -3*b = 6, -27 = 5*p - b - 79. Let t = 15 - p. Suppose -t*v + 3*h = -35, 3*v - 3 + 11 = -4*h. Let r(u) = 3*u - 4. Determine r(v).
8
Suppose 3*r - r - 8 = 0. Let t(n) = n**2 - 3*n - 3*n + r*n - 3. Suppose 4*p - 10 = -2*i, -2*p + 3*i + 12 + 5 = 0. Calculate t(p).
5
Let h(c) be the first derivative of 1/4*c**4 + 1 - 2*c**2 - 1/3*c**